t q(l) = 88*l + 23270. Determine q(-273).
-754
Let g(c) = 48*c**2 + 7467*c - 10829. What is g(-157)?
4
Let w(y) = 2*y**3 - 84*y**2 - 284*y - 74. What is w(-3)?
-32
Let n(r) = 8*r**2 + 1256*r - 106. Give n(-157).
-106
Let m(q) = -1165*q - 3255. Calculate m(-4).
1405
Let a(w) = -96*w**3 + 4*w**2 + 67*w - 129. Give a(2).
-747
Let y(s) = -s**3 + 52*s**2 + 120*s - 338. Calculate y(54).
310
Let y(b) = 463*b**2 + 6209*b + 12413. Give y(-2).
1847
Let c(r) = -r**3 - 177*r**2 + 4158*r - 15. Give c(-198).
-15
Let k(j) = j**3 - 52*j**2 - 233*j + 14460. Determine k(51).
-24
Let b(u) = 8*u**3 - 184*u**2 + 41*u - 160. What is b(23)?
783
Let l(o) = -2*o**3 + 332*o**2 - 329*o - 258. Give l(165).
-93
Let s(u) = 1810*u - 26606. Give s(17).
4164
Let b(k) = 1582*k - 37877. Give b(24).
91
Let f(j) = -3*j**3 + 215*j**2 - 43*j - 7038. Determine f(71).
-9
Let j(l) = 617*l + 7522. Determine j(-13).
-499
Let k(q) = -5710*q + 182700. Give k(32).
-20
Let d(a) = -3199*a + 16005. Calculate d(5).
10
Let m(g) = -8*g**3 - 2204*g**2 - 3289*g - 280. Calculate m(-274).
-6
Let m(y) = -2*y**3 - 398*y**2 + 5072*y - 113. Calculate m(12).
-17
Let w(p) = -3*p**3 + 1094*p**2 + 24712*p - 3107. Determine w(386).
-19
Let t(l) = -46*l - 1823. Give t(-48).
385
Let f(i) = 37*i**3 - 59*i**2 - 249*i - 25. Calculate f(-4).
-2341
Let l(j) = j**3 + 10*j**2 - 1232*j - 8768. What is l(-7)?
3
Let v(f) = 396*f - 20677. Determine v(54).
707
Let x(k) = 7*k**2 - 742*k + 9423. Give x(13).
960
Let p(y) = 6*y**2 - 1278*y + 68046. Determine p(106).
-6
Let d(y) = 31*y**2 - 203*y + 1043. Calculate d(6).
941
Let j(f) = -f**2 + 12027*f + 84198. Give j(-7).
-40
Let s(a) = a**3 - 11*a**2 - 90*a - 270. Calculate s(-9).
-1080
Let o(i) = 7*i**3 - 11*i**2 - 179*i - 317. Calculate o(-2).
-59
Let w(b) = b**3 + 379*b**2 - 764*b - 838. Determine w(-381).
-76
Let w(d) = -3*d**2 - 26654*d + 213458. Give w(8).
34
Let l(c) = -3*c**2 + 817*c - 7880. Calculate l(10).
-10
Let m(w) = w**2 + 595112*w - 47615369. Determine m(80).
-9
Let o(n) = -1050*n + 1104. Calculate o(1).
54
Let h(i) = -3*i**2 + 3772*i + 340931. Determine h(1342).
63
Let u(i) = 2*i**3 - 35*i**2 - 193*i + 42. Give u(22).
152
Let v(r) = 4*r**2 - 360*r - 2726. Calculate v(-7).
-10
Let s(g) = -23*g**3 + 1125*g**2 + 123*g - 622. Calculate s(49).
603
Let d(v) = -16*v**2 - 72271*v + 144543. Calculate d(2).
-63
Let i(l) = -4571*l - 64140. Determine i(-14).
-146
Let g(o) = -29091*o - 1309109. What is g(-45)?
-14
Let z(u) = 15632*u - 704038. Determine z(45).
-598
Let l(g) = g**3 - 40*g**2 + 89*g - 2197. Calculate l(39).
-247
Let u(b) = 2403*b - 11590. Determine u(5).
425
Let i(k) = k**3 + 15*k**2 + 603531*k + 10260603. What is i(-17)?
-2
Let p(u) = -u**3 - 151*u**2 + 300*u - 24961. Calculate p(-154).
-13
Let z(g) = 11*g**2 + 1095*g + 10909. What is z(-10)?
1059
Let p(v) = 2067*v - 4033. Determine p(2).
101
Let p(r) = -48*r**2 + 2834*r - 173. Give p(59).
-55
Let t(h) = h**3 - 23*h**2 + 1019*h - 23442. Determine t(23).
-5
Let j(y) = -13*y**2 + 388*y - 68. Calculate j(35).
-2413
Let x(g) = -7557*g - 75822. Give x(-10).
-252
Let g(u) = -1235*u**2 + 17257*u + 481. Calculate g(14).
19
Let x(l) = 15*l**2 + 206*l + 232. What is x(-8)?
-456
Let m(n) = -47*n**3 - 486*n**2 - 489*n - 4. Give m(-1).
46
Let q(s) = s**3 + 1728*s**2 + 22295*s - 9. Determine q(-13).
-9
Let d(j) = -4*j**2 + 2306*j - 11455. Determine d(5).
-25
Let c(x) = -2*x**2 + 8623*x - 735061. What is c(87)?
2
Let l(r) = 18065*r + 1011639. What is l(-56)?
-1
Let c(y) = -y**3 + 254*y**2 + 517*y - 991. Determine c(256).
289
Let s(k) = -28686*k - 28668. What is s(-1)?
18
Let r(v) = -v**2 - 1469*v + 947654. Determine r(485).
-36
Let w(n) = 43*n**2 + 1600*n - 12856. Calculate w(-44).
-8
Let r(s) = 5*s**3 - 2*s**2 - 431*s - 1441. Determine r(-7).
-237
Let m(d) = -8569*d - 85661. What is m(-10)?
29
Let k(q) = q**2 + 111*q + 1978. Determine k(-22).
20
Let d(k) = -k**3 + 46*k**2 - 118*k + 7076. Determine d(46).
1648
Let o(j) = -820*j - 182095. Give o(-222).
-55
Let v(l) = -215*l**2 + 22233*l - 22232. Determine v(1).
-214
Let b(d) = -2940*d + 426298. Give b(145).
-2
Let y(m) = -180*m**2 - 67664*m + 6013. Calculate y(-376).
-3
Let b(w) = -224*w + 58950. What is b(263)?
38
Let h(o) = -o**3 + 78*o**2 - 263*o + 8. What is h(4)?
140
Let n(j) = -83443*j + 333796. Determine n(4).
24
Let s(u) = -20*u**2 + 161*u - 42. What is s(4)?
282
Let a(f) = 2*f**3 + 538*f**2 + 19441*f + 403. What is a(-43)?
188
Let i(c) = -3*c**3 + 946*c**2 - 295*c - 6373. What is i(315)?
-73
Let n(j) = 1046*j + 3161. Calculate n(-3).
23
Let v(w) = 3*w**3 - 757*w**2 - 1264*w - 327. Give v(254).
1197
Let k(h) = 419*h - 211135. Calculate k(504).
41
Let c(t) = -23*t**2 + 25850*t + 80012. Give c(1127).
-5
Let j(f) = -f**3 + 23*f**2 - 855*f + 17031. Determine j(21).
-42
Let h(u) = 25332*u + 8562211. Calculate h(-338).
-5
Let l(r) = 61*r + 12093. Determine l(-242).
-2669
Let v(x) = -20220*x - 525631. Give v(-26).
89
Let j(p) = 4*p**2 + 133*p + 34. Calculate j(-39).
931
Let g(y) = y**2 + 3963*y - 2758454. Calculate g(604).
14
Let u(g) = 2*g**3 - 77*g**2 - 164*g + 8000. Calculate u(38).
324
Let i(o) = 463*o + 58927. Give i(-135).
-3578
Let w(r) = -r**3 + 178*r**2 - 100*r - 13766. Calculate w(177).
-137
Let c(k) = 13*k**3 + 21*k**2 + 248*k + 1195. Give c(-5).
-1145
Let d(s) = -6179*s + 24623. What is d(4)?
-93
Let g(d) = 72368*d - 1881588. Give g(26).
-20
Let z(f) = -3*f**3 - 4*f**2 + 28*f + 47. Calculate z(0).
47
Let i(f) = -26842*f + 161213. Calculate i(6).
161
Let q(u) = -880*u**2 - 157*u + 148. Give q(1).
-889
Let t(v) = v**3 - 37*v**2 - 94*v + 581. What is t(39)?
-43
Let m(q) = 1001*q - 71904. What is m(72)?
168
Let y(c) = -42*c**2 - 6653*c - 226165. Determine y(-109).
10
Let c(y) = -y**2 + 629*y - 98691. Calculate c(295).
-161
Let n(s) = -5051*s**2 - 50507*s + 29. What is n(-10)?
-1
Let o(s) = -15*s**3 - 69*s**2 + 110*s + 236. Give o(-5).
-164
Let d(f) = -f**3 + 70*f**2 - 36*f + 2667. Give d(70).
147
Let a(n) = -4799*n - 91215. Calculate a(-19).
-34
Let f(r) = -r**3 + 371*r**2 - 3261*r + 1207. What is f(362)?
121
Let y(p) = 6964*p - 167. Calculate y(0).
-167
Let l(f) = -2*f**3 + 7*f**2 + 65*f - 366. Give l(14).
-3572
Let q(h) = -2*h**2 - 203*h + 74661. What is q(149)?
12
Let d(y) = -4070*y - 16264. What is d(-4)?
16
Let d(m) = 3870*m + 11711. What is d(-3)?
101
Let v(w) = -w**3 - 70*w**2 - 134*w + 138. What is v(-68)?
2
Let m(r) = -3859038*r - 38590387. Give m(-10).
-7
Let u(g) = -3*g**2 - 97*g - 1157. Determine u(-13).
-403
Let v(w) = -w**3 - 68*w**2 - 209*w - 1021. Determine v(-65).
-111
Let v(r) = -9*r**2 - 841*r + 18144. Determine v(18).
90
Let z(y) = 412*y**2 - 107941*y - 769. Calculate z(262).
17
Let w(i) = -i**3 + 128*i**2 + 193*i - 9549. What is w(129)?
-1293
Let s(h) = 699*h - 2773. Calculate s(4).
23
Let i(x) = -x**3 + 253*x**2 + 37593*x - 1022. What is i(358)?
52
Let t(j) = -71*j**2 + 8*j + 8. Calculate t(-1).
-71
Let y(k) = -935*k + 9348. Give y(10).
-2
Let h(g) = -2*g**2 - 67*g - 183. What is h(-20)?
357
Let t(v) = 3*v**3 - 111*v**2 + 112*v - 37. What is t(36)?
107
Let l(v) = -v**3 - 3*v**2 + 215*v - 1393. What is l(0)?
-1393
Let i(t) = 2*t**2 - 534*t - 14553. Calculate i(-25).
47
Let n(a) = -a**3 + 4*a**2 - 97*a + 270. Calculate n(3).
-12
Let c(j) = 4*j**2 + 32*j - 1673. Give c(-25).
27
Let n(z) = 649*z - 66825. What is n(104)?
671
Let z(h) = -22751*h - 3776673. What is z(-166)?
-7
Let b(k) = 14*k**2 + 1538*k - 6414. What is b(4)?
-38
Let u(d) = -2*d**3 + 1956*d**2 + 8016*d - 157118. What is u(982)?
2
Let b(k) = 3*k**2 - 616*k + 26085. Give b(145).
-160
Let o(y) = -333*y - 12818. What is o(-38)?
-164
Let f(d) = -2*d**2 - 602*d + 253539. Calculate f(236).
75
Let d(v) = -v**3 + 854*v**2 - 110*v + 93937. What is d(854)?
-3
Let v(y) = 18*y**3 - 52*y**2 + 7*y - 15. Determine v(2).
-65
Let l(n) = 2187*n + 78790. Give l(-36).
58
Let k(f) = 29*f**3 + 16*f**2 - 69*f - 59. Determine k(4).
1777
Let i(p) = 5*p**2 - 4360*p + 330955. Calculate i(788).
-5
Let f(q) = q**3 - 381*q**2 - 9290*q - 807. What is f(404)?
1
Let m(n) = -n**3 - 61*n**2 + 44*n - 1331. Calculate m(-62).
-215
Let l(s) = -2644*s**2 - 113696*s - 180. What is l(-43)?
-8
Let w(b) = b**2 - 194*b - 20459. Give w(-77).
408
Let r(q) = q**3 - 61*q**2 + 204*q + 1723. Give r(57).
355
Let l(s) = 16818*s - 2